r of 243704 and 904?
8
Calculate the highest common factor of 755469736 and 9968.
4984
What is the greatest common divisor of 6536625 and 27450?
75
Calculate the highest common factor of 22 and 330238.
2
Calculate the highest common divisor of 4719 and 3410385.
363
What is the highest common factor of 168032 and 8438624?
2848
What is the greatest common factor of 12001 and 92609?
11
What is the greatest common factor of 1633 and 77843477?
1633
What is the greatest common divisor of 512332701 and 606?
303
Calculate the highest common divisor of 600623 and 47.
1
Calculate the highest common divisor of 1120433 and 6231.
31
Calculate the greatest common divisor of 310 and 8684495.
155
What is the highest common factor of 49 and 110111918?
49
Calculate the greatest common divisor of 27872585 and 715.
65
Calculate the highest common divisor of 78 and 171457754.
26
What is the highest common divisor of 738 and 55531080?
18
Calculate the highest common divisor of 4443760 and 20.
20
Calculate the highest common factor of 5135870 and 35190.
170
What is the highest common factor of 32640 and 26460?
60
Calculate the highest common factor of 937025 and 312650.
925
Calculate the greatest common divisor of 4588233 and 39.
39
What is the highest common factor of 49155773 and 2468?
617
What is the highest common factor of 103570 and 20?
10
Calculate the greatest common divisor of 114 and 13738197.
57
Calculate the highest common factor of 70707 and 324789885.
5439
What is the greatest common divisor of 11 and 8390844?
11
What is the highest common divisor of 47213042 and 292?
146
What is the highest common factor of 1539751325 and 11834?
5917
Calculate the highest common divisor of 45050719 and 37.
37
Calculate the highest common factor of 5417845 and 1635.
545
Calculate the greatest common divisor of 4659858 and 453096.
3906
What is the greatest common factor of 6 and 4426418?
2
Calculate the highest common divisor of 6291 and 169.
1
Calculate the greatest common divisor of 671 and 118348784.
61
Calculate the greatest common divisor of 843697 and 15475.
619
Calculate the highest common divisor of 4257320 and 520.
40
Calculate the highest common factor of 383088 and 714288.
1104
What is the greatest common factor of 891534 and 84?
42
What is the highest common divisor of 31320496 and 5232?
1744
Calculate the greatest common divisor of 1079 and 8942005.
83
What is the highest common factor of 230 and 10934870?
10
What is the greatest common factor of 364 and 790660?
52
What is the highest common factor of 19000 and 198664?
152
What is the greatest common divisor of 2554030 and 17255?
145
What is the greatest common factor of 31 and 715395091?
31
Calculate the greatest common divisor of 76432 and 5032.
136
What is the highest common factor of 358 and 11048775?
179
Calculate the greatest common divisor of 276689 and 584633.
329
Calculate the greatest common factor of 130 and 72475.
65
What is the highest common divisor of 2382500 and 282088?
3812
Calculate the greatest common factor of 91924 and 3087.
343
What is the highest common factor of 24330240 and 1656?
72
What is the highest common factor of 75750871 and 609?
203
What is the highest common factor of 454433 and 203?
7
What is the greatest common factor of 1968 and 106519968?
1968
Calculate the highest common divisor of 11381416 and 56.
8
Calculate the highest common divisor of 160 and 25880280.
40
What is the greatest common divisor of 2356 and 18128242?
1178
What is the highest common divisor of 3045 and 21818034?
609
Calculate the highest common factor of 153447632 and 312.
104
Calculate the greatest common factor of 8410 and 1149270.
290
Calculate the greatest common divisor of 23216 and 194082858.
2902
Calculate the highest common factor of 208 and 2746718.
26
Calculate the greatest common factor of 1736 and 114899330.
434
Calculate the highest common factor of 70 and 2059290.
10
What is the highest common factor of 2625 and 402750?
375
What is the highest common divisor of 33133938 and 7038?
138
Calculate the greatest common factor of 642 and 233416434.
642
Calculate the highest common factor of 193856320 and 640.
320
What is the highest common factor of 38394 and 1027890?
486
Calculate the highest common divisor of 19903 and 6487.
13
What is the highest common factor of 3301587 and 48?
3
Calculate the greatest common factor of 131 and 51979883.
131
What is the greatest common factor of 290845030 and 175?
35
Calculate the highest common factor of 860 and 14512980.
20
What is the greatest common factor of 35340052 and 18216?
1012
Calculate the greatest common divisor of 1049651 and 2303611.
1081
Calculate the greatest common divisor of 221 and 10072387.
13
Calculate the highest common divisor of 980 and 2465470.
70
What is the highest common factor of 48443 and 186052?
193
Calculate the greatest common divisor of 192392188 and 14517.
1613
Calculate the highest common factor of 166725 and 31293.
513
What is the greatest common divisor of 10646865 and 10835?
985
What is the highest common factor of 106470984 and 912?
456
What is the highest common divisor of 1386 and 3300759?
693
Calculate the greatest common divisor of 923658 and 656892.
1542
What is the greatest common divisor of 110416 and 1679312?
1648
Calculate the highest common factor of 3584 and 9167032.
56
Calculate the greatest common divisor of 1720 and 35745.
5
Calculate the greatest common divisor of 6953 and 85187.
17
What is the highest common divisor of 1341 and 4923?
9
What is the highest common divisor of 8557 and 3281459?
43
What is the greatest common divisor of 1428 and 2956632?
84
What is the greatest common factor of 1492 and 271272829?
373
Calculate the greatest common divisor of 3664 and 56341328.
3664
What is the greatest common divisor of 6747 and 126636?
519
What is the highest common divisor of 5838767 and 77?
11
Calculate the greatest common factor of 15066784 and 32.
32
What is the greatest common divisor of 2972398640 and 16?
16
Calculate the highest common factor of 2712 and 7831804.
452
What is the greatest common factor of 43858 and 953?
1
What is the greatest common factor of 1264 and 116408?
8
What is the highest common factor of 1056 and 89078616?
264
What is the greatest common factor of 52470 and 11259?
9
What is the greatest common factor of 51164970 and 17520?
2190
What is the greatest common divisor of 652178 and 186?
62
Calculate the highest common factor of 55361 and 12881932.
1909
What is the greatest common divisor of 924 and 892276?
308
What is the highest common divisor of 4301181 and 7?
1
What is the greatest common factor of 350930 and 722?
38
Calculate the greatest common divisor of 2958 and 10692648.
174
What is the greatest common divisor of 10523903 and 18464?
577
What is the greatest common divisor of 583968 and 73744?
176
Calculate the highest common divisor of 75208 and 17939794.
2686
What is the highest common divisor of 548101540 and 3976?
1988
What is the greatest common factor of 1800 and 1445625?
225
What is the greatest common divisor of 157950 and 3042?
234
What is the highest common factor of 8 and 132078?
2
What is the highest common factor of 185555 and 10133309?
1003
Calculate the highest common divisor of 123620 and 38640.
140
Calculate the greatest common divisor of 26300 and 536.
4
Calculate the highest common factor of 244 and 10432.
4
What is the highest common divisor of 225104552 and 304?
152
Calculate the highest common factor of 624 and 23759580.
156
What is the greatest common divisor of 330 and 11768295?
165
What is the greatest common factor of 49 and 83785198?
49
Calculate the greatest common divisor of 16005 and 15671805.
1455
Calculate the highest common divisor of 372 and 235569.
93
Calculate the highest common divisor of 123864 and 192.
24
What is the greatest common divisor of 173 and 4969079?
173
Calculate the highest common divisor of 3010713 and 416331.
831
Calculate the highest common divisor of 10622840 and 480.
40
Calculate the greatest common factor of 8345924 and 3.
1
Calculate the highest common divisor of 2579138 and 9486.
1054
What is the greatest common divisor of 662 and 18734269?
331
Calculate the greatest common divisor of 2225 and 5068105.
445
Calc